1) prime?
True
Suppose -33*n = 36*n - 345414. Is n a composite number?
True
Let h(s) = -6*s**3 - 6*s**2 + 2*s + 116. Is h(-9) a prime number?
False
Let t = 111 - 109. Suppose -6297 = -2*w + p + 8485, 22187 = 3*w + t*p. Is w composite?
False
Suppose 0 = 27*g - 2578823 - 3682071 - 5494285. Is g a prime number?
False
Suppose -2*f + 4*f - 67772 - 62970 = 0. Is f prime?
True
Let x = -126 - -143. Let r(s) = 103*s - 16. Is r(x) a composite number?
True
Suppose 3*v - 116*d - 548742 = -119*d, -2*v + 3*d + 365863 = 0. Is v a composite number?
False
Let h(a) = -1754*a - 1246. Is h(-40) composite?
True
Let n = 82 - 78. Suppose 522 = n*w - 1166. Is (w/10)/(2/(-50)*-5) a composite number?
False
Let o = 76963 + -7030. Is o composite?
True
Let p be 7 + (-7)/((-28)/(-20)). Suppose -2*u - 303 = -5*f, p*f - 57 = -u + 57. Is f prime?
True
Let t(q) = -349*q + 117. Let g be (0 + -3)/(((-27)/(-30))/3). Is t(g) composite?
False
Let p be 675 - -2 - (-15)/(30/(-4)). Let r = 2924 - p. Is r a composite number?
True
Let u(n) = -11*n - 42. Let p be u(-3). Let j(y) = -2*y**3 - 12*y**2 + y + 49. Is j(p) prime?
False
Let q(v) = -139892*v**3 - 5*v**2 - 30*v - 55. Is q(-2) a composite number?
False
Let c = 93946 + 4423. Is c composite?
False
Let i(k) = -629*k - 3. Let d(z) = -628*z - 3. Let b = -64 + 59. Let n(h) = b*d(h) + 6*i(h). Is n(-1) a prime number?
True
Let a(z) = 7*z**2 - 3*z - 1. Suppose -3*d + 21 = -m - 4*m, 5*m = -2*d - 11. Suppose 0 = v + d*t - 20, 70 = v + 4*v + 4*t. Is a(v) a composite number?
True
Let p(g) = -14*g - 12*g + 3377*g**2 + 2*g - 2*g + 26. Is p(1) composite?
True
Suppose -3*s + 4*s + 53 = 5*i, -3*s + 1 = i. Suppose 13*h + i*h - 80569 = 0. Is h a composite number?
True
Suppose -2265242 = -30*i - 804122. Suppose -2*s = -5*b + 7*b - i, -3 = -3*s. Is b a prime number?
False
Suppose -19 = -2*f - 15. Suppose 0 = -f*p + 883 + 519. Is p a composite number?
False
Let q(g) = 208*g**2 + 228*g + 241. Is q(-52) a composite number?
True
Let w = 3 - 5. Is (-3346 + -5)/(w + -1) prime?
True
Let b = 695 + -174. Let w = b - 241. Suppose -w = -x + 49. Is x prime?
False
Suppose 16102 = -69*v + 71*v. Is v composite?
True
Suppose -3765*t + 3766*t + 1300 = 0. Let a = t + 2661. Is a a composite number?
False
Suppose 3*j + t = -87, j = -2*t - t - 37. Is j/(-2 + -5)*(-451)/(-4) a composite number?
True
Suppose 3*x + 3*t = 242160, 3*t - 448104 = -5*x - 44498. Is x a composite number?
True
Let y(i) be the second derivative of 89*i**3/6 + 21*i**2/2 - 4*i + 11. Is y(10) a prime number?
True
Suppose l - 5*w - 54 = 0, -w = 7*l - 2*l - 322. Let t be (-5 - -5)/(1*2). Suppose t = b + l - 903. Is b a prime number?
True
Suppose 4*d = 5*h + 7, -11*d - 2*h + 34 = -8*d. Is (-102)/4*d/(-4) prime?
False
Let s be (2/7*2)/((-10)/(-35)). Suppose s = 2*t - 0, -4*p - 285 = -5*t. Is (p/21)/(4/(-582)) a prime number?
False
Suppose -221759 = -5*n - 300*o + 298*o, -n = 4*o - 44359. Is n composite?
False
Suppose 37*v + 27351 - 485152 = 0. Is v a prime number?
True
Let s be ((-213)/15)/((-10)/650). Let k = s - -542. Is k composite?
True
Let c(w) = 8*w**2 - 449*w + 189. Is c(-73) a composite number?
True
Let v(r) = r + 4. Let u be v(-5). Is -2 + (-8 - -6) + (-1035)/u prime?
True
Let h(p) = -11*p**2 + 66*p. Let m be h(6). Suppose m = -z + 19*z - 97866. Is z a composite number?
False
Suppose 7*r - 2154 = 11888. Suppose -694 = -h + 5*v, 0 = h + 2*h + 4*v - r. Is h composite?
True
Suppose 0 = 5*r - 0*r, -5 = 5*n + 5*r. Is n*-3*1/((-9)/(-1461)) composite?
False
Is (934835/175 + 8/28)/(20/100) composite?
False
Let q be ((-8)/6)/(6/(-9)). Suppose -2*z + 764 = q*z. Is z a prime number?
True
Suppose -4*f - 11 = -3*x, -5*x = -3*x - 4*f - 6. Suppose 0 = -4*v + x*m + 55659, 3*v - 3*m + 23688 - 65433 = 0. Let i = v - 9165. Is i a composite number?
False
Let f = -72735 + 145400. Is f prime?
False
Suppose -k + 4*b - 3*b = -22, 0 = -5*b + 15. Let i be 5167/2 + 2 + k/(-10). Let m = i + -1672. Is m a composite number?
False
Let p = 44255 - -576. Is p a composite number?
True
Let v = -2886 - 2241. Let q = -3182 - v. Is q prime?
False
Let r(z) = -556*z + 32. Let h be r(12). Let s be 3/(-6*(-5)/h). Let f = s - -1415. Is f a composite number?
False
Suppose -6*f - 6691931 = -22*f - 21*f. Is f a prime number?
False
Let p be -5*((-285)/25 + 3). Let l = p + -40. Suppose 4*t - l*j = 3146, -j + 2*j = 1. Is t composite?
False
Is 6/12 + -7 + (-156957)/(-6) composite?
False
Suppose 0 = 4*g - 5*t - 142 + 533, 2*t = 4*g + 382. Let c = -85 - g. Is (-2*3/c)/(18/(-5481)) a composite number?
True
Suppose 5*g + 10*v - 22 = 7*v, -3*g + 3*v - 6 = 0. Let b be -5 - (4 - (g + 9)). Suppose b*l - 2321 = -w, -l + 2331 = l - w. Is l prime?
True
Let u be 1 + 33/9 - 1/(-3). Suppose -3 = 3*s, 0*k + u*k - 21 = s. Suppose -188 = -k*q + l + 462, 2*l - 493 = -3*q. Is q a composite number?
False
Suppose -s = 2*u + 334 - 1409, u - 3*s = 541. Let f = -335 + u. Is f composite?
True
Suppose 0 = 4*o + 8, -2*g = 5*o - 3*o + 62. Let c = -25 - g. Let v(k) = 28*k - 17. Is v(c) a composite number?
True
Suppose 31*a = 2799091 + 2739400. Is a a prime number?
False
Suppose -50*z + 88255 + 172145 = 0. Let a = 12373 - z. Is a a composite number?
True
Let w(b) be the second derivative of -187*b**3/3 - 113*b**2/2 + 83*b. Is w(-11) a prime number?
True
Let y(v) be the third derivative of 0 - 1/12*v**4 + 0*v + 1/20*v**5 - 18*v**2 - 2/3*v**3. Is y(-7) composite?
False
Suppose 0 = -73*x + 82*x - 4320. Let f = x + 1. Is f a composite number?
True
Suppose -69*d + 6503 = -62*d. Is d prime?
True
Let h(y) = y**3 - 26*y**2 + 26*y - 11. Let i be h(25). Let b be (-4)/i + 958694/154. Suppose -4*n + 4976 = -5*u, 0*n - 5*n + 5*u + b = 0. Is n composite?
False
Suppose 0*p + 6*p = 126. Let q = -14 + p. Suppose -q*g + 4*g + 381 = 0. Is g a composite number?
False
Suppose 0 = 5*v + 5*i - 116055, 5*v - 43423 = -3*i + 72624. Is v composite?
True
Let j(o) = -o**3 + 4*o**2 + o - 6. Let c be j(4). Let u be (-4)/(3 + (c - 3)). Suppose -4*z = -3*l + 2853, -132 = u*l - 5*z - 2027. Is l prime?
False
Suppose 29*b + 9669762 = 55312253. Is b a composite number?
False
Suppose -5*y + 2*y + 2989 = 2*n, 2*n = -2*y + 1996. Suppose t + 15*w = 14*w + y, -t + 977 = 5*w. Is t a prime number?
True
Suppose 97*q = 106*q. Suppose -7 = -i - 3, q = x - 5*i - 3593. Is x a composite number?
False
Is (0 - 6)/((-48)/82072) composite?
False
Let j(k) = k**3 + k**2 - k + 22. Let f be j(0). Suppose -f*x + 21*x = -3*g - 7139, 4*x - 4*g - 28564 = 0. Is x a composite number?
True
Let w(p) = 14*p**2 - 25*p + 289. Is w(16) prime?
False
Suppose 3*k - 831 = -5*l, -11*k + 3*l + 291 = -10*k. Suppose 0 = -5*r - a + 1683, r - 2*a = 59 + k. Is r composite?
False
Let l = 498904 - 102531. Is l prime?
True
Let q(m) = m**2 + 20*m - 184. Let n be q(7). Suppose -n*p + 24661 = -53754. Is p prime?
True
Suppose -2*g + 48259 = 3*x, 4*x + 44245 = -4*g + 108593. Is x a prime number?
False
Let f = -902 + 15963. Is f a prime number?
True
Suppose 25 = -5*c, -4*v - 4*c - c = -49831. Suppose -7*r = -5183 - v. Is r prime?
True
Let g = 199 + 4829. Suppose -9*t = 3*t - g. Is t prime?
True
Let j be (-11)/(((-18)/14)/9). Suppose 76*p + 1823 = j*p. Is p composite?
False
Let d(w) = -22*w. Suppose -h + 4 = -3*h. Let u be d(h). Is (29/(-4))/((-1)/u) a prime number?
False
Let u = -54 + 57. Suppose 0 = 3*p + 2*l - 9, 5*p - u = l + 12. Suppose p*a - 1127 = -5*m, a = m + m - 442. Is m prime?
True
Let l = 19144 - 6431. Is l composite?
False
Let b = -1 + -94. Let r = 3186 - b. Is r prime?
False
Let q(y) = 1044*y**2 - 35. Is q(4) a prime number?
False
Suppose v - 4*t = 2, 6 = 5*t + 21. Let k = 66 + v. Let w = 87 - k. Is w a prime number?
True
Let c(s) be the second derivative of s**6/120 - s**5/6 + s**4/2 - 8*s**3/3 + 6*s**2 - 13*s. Let u(z) be the first derivative of c(z). Is u(11) prime?
False
Let f be ((-1)/(-3))/(3/54). Let z(j) = 16*j**2 + 36*j + 62. Let q be z(27). Suppose -f*u - 8*u = -q. Is u composite?
False
Let q(z) = -11*z + 8. Let g be q(0). Suppose 5*n - n - 20424 = 0. Suppose -g*y + n = 410. Is y a composite number?
False
Let s(n) = 6*n + 13. Let v be s(3). Suppose v = 6*w - 17. Let m(f) = 19*f + 26. Is m(w) prime?
False
Let u(t) = -2*t**3 - 15*t**2 + 5*t - 17. Is u(-12) a composite number?
True
Let r be (21/7 - -1) + 0 + -1. Let h be 1/1 - 5/(-8 + r). I